{"id":745,"date":"2022-12-13T23:06:26","date_gmt":"2022-12-13T23:06:26","guid":{"rendered":"https:\/\/imprimerie-nakib.com\/tala\/?post_type=product&#038;p=745"},"modified":"2022-12-14T16:35:42","modified_gmt":"2022-12-14T16:35:42","slug":"four-patissier-electrique","status":"publish","type":"product","link":"https:\/\/imprimerie-nakib.com\/tala\/produit\/four-patissier-electrique\/","title":{"rendered":"Four p\u00e2tisserie \u00e9lectrique"},"content":{"rendered":"<p>-Four electrique \u00e0 commande m\u00e9canique.<br \/>\n-Temp\u00e9rature de cuisson maximale.<br \/>\n-Minuterie m\u00e9canique .<br \/>\n-Structure en inox.<br \/>\n-Eclairage interieur.<br \/>\n-Pret \u00e0 branch\u00e9 .<\/p>\n<p>&nbsp;<\/p>\n","protected":false},"excerpt":{"rendered":"<p>-Four electrique \u00e0 commande m\u00e9canique. -Temp\u00e9rature de cuisson maximale. -Minuterie m\u00e9canique . -Structure en inox. -Eclairage interieur. -Pret \u00e0 branch\u00e9 . &nbsp;<\/p>\n","protected":false},"featured_media":877,"template":"","meta":{"_kad_post_transparent":"default","_kad_post_title":"","_kad_post_layout":"default","_kad_post_sidebar_id":"","_kad_post_content_style":"default","_kad_post_vertical_padding":"default","_kad_post_feature":"","_kad_post_feature_position":"","_kad_post_header":false,"_kad_post_footer":false},"product_cat":[20],"product_tag":[],"class_list":["post-745","product","type-product","status-publish","has-post-thumbnail","hentry","product_cat-four-professionnel","entry","content-bg","loop-entry"],"_links":{"self":[{"href":"https:\/\/imprimerie-nakib.com\/tala\/wp-json\/wp\/v2\/product\/745","targetHints":{"allow":["GET"]}}],"collection":[{"href":"https:\/\/imprimerie-nakib.com\/tala\/wp-json\/wp\/v2\/product"}],"about":[{"href":"https:\/\/imprimerie-nakib.com\/tala\/wp-json\/wp\/v2\/types\/product"}],"wp:featuredmedia":[{"embeddable":true,"href":"https:\/\/imprimerie-nakib.com\/tala\/wp-json\/wp\/v2\/media\/877"}],"wp:attachment":[{"href":"https:\/\/imprimerie-nakib.com\/tala\/wp-json\/wp\/v2\/media?parent=745"}],"wp:term":[{"taxonomy":"product_cat","embeddable":true,"href":"https:\/\/imprimerie-nakib.com\/tala\/wp-json\/wp\/v2\/product_cat?post=745"},{"taxonomy":"product_tag","embeddable":true,"href":"https:\/\/imprimerie-nakib.com\/tala\/wp-json\/wp\/v2\/product_tag?post=745"}],"curies":[{"name":"wp","href":"https:\/\/api.w.org\/{rel}","templated":true}]}}