{"id":744,"date":"2022-12-14T16:31:53","date_gmt":"2022-12-14T16:31:53","guid":{"rendered":"https:\/\/imprimerie-nakib.com\/tala\/?post_type=product&#038;p=744"},"modified":"2022-12-14T16:31:53","modified_gmt":"2022-12-14T16:31:53","slug":"chariots","status":"publish","type":"product","link":"https:\/\/imprimerie-nakib.com\/tala\/produit\/chariots\/","title":{"rendered":"Chariots"},"content":{"rendered":"<p>-Fabriqu\u00e9 en inox<br \/>\n-des pieds r\u00e9glable<br \/>\n-le nombre d\u2019\u00e9tage<br \/>\nsouhait\u00e9<br \/>\n-Capacit\u00e9 de charge<br \/>\n40 kg par niveau<br \/>\n-Roues pivotante<br \/>\navec freins<\/p>\n","protected":false},"excerpt":{"rendered":"<p>-Fabriqu\u00e9 en inox -des pieds r\u00e9glable -le nombre d\u2019\u00e9tage souhait\u00e9 -Capacit\u00e9 de charge 40 kg par niveau -Roues pivotante avec freins<\/p>\n","protected":false},"featured_media":865,"template":"","meta":{"_kad_post_transparent":"default","_kad_post_title":"","_kad_post_layout":"default","_kad_post_sidebar_id":"","_kad_post_content_style":"default","_kad_post_vertical_padding":"default","_kad_post_feature":"","_kad_post_feature_position":"","_kad_post_header":false,"_kad_post_footer":false},"product_cat":[24],"product_tag":[],"class_list":["post-744","product","type-product","status-publish","has-post-thumbnail","hentry","product_cat-tables-et-rangement","entry","content-bg","loop-entry"],"_links":{"self":[{"href":"https:\/\/imprimerie-nakib.com\/tala\/wp-json\/wp\/v2\/product\/744","targetHints":{"allow":["GET"]}}],"collection":[{"href":"https:\/\/imprimerie-nakib.com\/tala\/wp-json\/wp\/v2\/product"}],"about":[{"href":"https:\/\/imprimerie-nakib.com\/tala\/wp-json\/wp\/v2\/types\/product"}],"wp:featuredmedia":[{"embeddable":true,"href":"https:\/\/imprimerie-nakib.com\/tala\/wp-json\/wp\/v2\/media\/865"}],"wp:attachment":[{"href":"https:\/\/imprimerie-nakib.com\/tala\/wp-json\/wp\/v2\/media?parent=744"}],"wp:term":[{"taxonomy":"product_cat","embeddable":true,"href":"https:\/\/imprimerie-nakib.com\/tala\/wp-json\/wp\/v2\/product_cat?post=744"},{"taxonomy":"product_tag","embeddable":true,"href":"https:\/\/imprimerie-nakib.com\/tala\/wp-json\/wp\/v2\/product_tag?post=744"}],"curies":[{"name":"wp","href":"https:\/\/api.w.org\/{rel}","templated":true}]}}